{"id":20,"date":"2025-09-04T14:21:01","date_gmt":"2025-09-04T12:21:01","guid":{"rendered":"https:\/\/gim4.home.pl\/autoinstalator\/wordpressplugins2\/?page_id=20"},"modified":"2025-09-04T14:21:02","modified_gmt":"2025-09-04T12:21:02","slug":"dlaczego-my","status":"publish","type":"page","link":"https:\/\/sp13.mielec.pl\/?page_id=20","title":{"rendered":"Dlaczego my"},"content":{"rendered":"\n<h2 class=\"wp-block-heading\">Dlaczego my<\/h2>\n\n\n\n<p><strong>Szko\u0142a zapewnia wysoki standard nauczania.<\/strong><\/p>\n\n\n\n<p>Ju\u017c od pierwszej klasy:<br>o nauka na pierwsz\u0105 zmian\u0119,<br>o nauczanie wspomagane komputerem,<br>o zaj\u0119cia logopedyczne,<br>o zaj\u0119cia artystyczne (muzyka, taniec, plastyka),<br>o zaj\u0119cia szachowe,<br>o gimnastyka korekcyjna.<\/p>\n\n\n\n<p><br><strong>Szko\u0142a zapewnia:<\/strong><br>o bezpiecze\u0144stwo uczni\u00f3w,<br>o opiek\u0119 medyczn\u0105,<br>o pomoc psychologiczno \u2013 pedagogiczn\u0105 dla uczni\u00f3w i rodzic\u00f3w,<br>o bezp\u0142atn\u0105 opiek\u0119 w \u015bwietlicy (6:30 do 8.00 i 11:30 do 17:00),<br>o mo\u017cliwo\u015b\u0107 korzystania ze smacznych obiad\u00f3w w szkolnej sto\u0142\u00f3wce,<br>o bezp\u0142atn\u0105 nauk\u0119 p\u0142ywania w klasach drugich,<br>o od klasy IV mo\u017cliwo\u015b\u0107 kontynuacji nauki w klasie sportowej,<br>o dziennik elektroniczny,<br>o bogat\u0105 ofert\u0119 zaj\u0119\u0107 pozalekcyjnych,<br>o zaj\u0119cia sportowe w ramach Uczniowskiego Klubu Sportowego VOLANT.<\/p>\n\n\n\n<p><br><strong>Baza dydaktyczna szko\u0142y:<\/strong><br>o nowoczesne klasopracownie z tablicami interaktywnymi oraz rzutnikami<br>multimedialnymi,<br>o wysoki standard pracowni komputerowych z dost\u0119pem do Internetu,<br>o bogato wyposa\u017cona biblioteka z centrum multimedialnym,<br>o sala do zaj\u0119\u0107 gimnastyki korekcyjnej ze specjalistycznym wyposa\u017ceniem<br>oraz basenem kulkowym,<br>o sala do tenisa sto\u0142owego,<br>o magiczny dywan,<br>o zaplecze sportowe \u2013 sale gimnastyczne, szkolne boiska sportowe,<br>o przestronne korytarze,<br>o plac zabaw na \u015bwie\u017cym powietrzu.<\/p>\n\n\n\n<p>Zapraszamy do zapisu dzieci do jedynej w Mielcu klasy pierwszej \u2013 sportowej o profilu szachowym.<br>\/zwi\u0119kszona ilo\u015b\u0107 godzin z wychowania fizycznego w ramach, kt\u00f3rych uczniowie ucz\u0105 si\u0119 i doskonal\u0105 umiej\u0119tno\u015b\u0107 gry w szachy\/<\/p>\n","protected":false},"excerpt":{"rendered":"<p>Dlaczego my Szko\u0142a zapewnia wysoki standard nauczania. Ju\u017c od pierwszej klasy:o nauka na pierwsz\u0105 zmian\u0119,o nauczanie wspomagane komputerem,o zaj\u0119cia logopedyczne,o zaj\u0119cia artystyczne (muzyka, taniec, plastyka),o zaj\u0119cia szachowe,o gimnastyka korekcyjna. Szko\u0142a zapewnia:o bezpiecze\u0144stwo uczni\u00f3w,o opiek\u0119 medyczn\u0105,o pomoc psychologiczno \u2013 pedagogiczn\u0105 dla <a href=\"https:\/\/sp13.mielec.pl\/?page_id=20\" class=\"read-more\">&#8230;<\/a><\/p>\n","protected":false},"author":1,"featured_media":0,"parent":0,"menu_order":0,"comment_status":"closed","ping_status":"closed","template":"","meta":{"_themeisle_gutenberg_block_has_review":false,"footnotes":""},"class_list":["post-20","page","type-page","status-publish","hentry"],"yoast_head":"<!-- This site is optimized with the Yoast SEO plugin v25.9 - https:\/\/yoast.com\/wordpress\/plugins\/seo\/ -->\n<title>Dlaczego my - SZKO\u0141A PODSTAWOWA NR 13 W MIELCU<\/title>\n<meta name=\"description\" content=\"SZKO\u0141A PODSTAWOWA NR 13 W MIELCU %Szko\u0142a Podstawowa nr 13 w Mielcu\" \/>\n<meta name=\"robots\" content=\"index, follow, max-snippet:-1, max-image-preview:large, max-video-preview:-1\" \/>\n<link rel=\"canonical\" href=\"https:\/\/sp13.mielec.pl\/?page_id=20\" \/>\n<meta property=\"og:locale\" content=\"pl_PL\" \/>\n<meta property=\"og:type\" content=\"article\" \/>\n<meta property=\"og:title\" content=\"Dlaczego my - SZKO\u0141A PODSTAWOWA NR 13 W MIELCU\" \/>\n<meta property=\"og:description\" content=\"SZKO\u0141A PODSTAWOWA NR 13 W MIELCU %Szko\u0142a Podstawowa nr 13 w Mielcu\" \/>\n<meta property=\"og:url\" content=\"https:\/\/sp13.mielec.pl\/?page_id=20\" \/>\n<meta property=\"og:site_name\" content=\"SZKO\u0141A PODSTAWOWA NR 13 W MIELCU\" \/>\n<meta property=\"article:publisher\" content=\"https:\/\/www.facebook.com\/profile.php?id=100075648866324#\" \/>\n<meta property=\"article:modified_time\" content=\"2025-09-04T12:21:02+00:00\" \/>\n<meta name=\"twitter:card\" content=\"summary_large_image\" \/>\n<meta name=\"twitter:label1\" content=\"Szacowany czas czytania\" \/>\n\t<meta name=\"twitter:data1\" content=\"2 minuty\" \/>\n<script type=\"application\/ld+json\" class=\"yoast-schema-graph\">{\"@context\":\"https:\/\/schema.org\",\"@graph\":[{\"@type\":\"WebPage\",\"@id\":\"https:\/\/sp13.mielec.pl\/?page_id=20\",\"url\":\"https:\/\/sp13.mielec.pl\/?page_id=20\",\"name\":\"Dlaczego my - SZKO\u0141A PODSTAWOWA NR 13 W MIELCU\",\"isPartOf\":{\"@id\":\"https:\/\/sp13.mielec.pl\/#website\"},\"datePublished\":\"2025-09-04T12:21:01+00:00\",\"dateModified\":\"2025-09-04T12:21:02+00:00\",\"description\":\"SZKO\u0141A PODSTAWOWA NR 13 W MIELCU %Szko\u0142a Podstawowa nr 13 w Mielcu\",\"breadcrumb\":{\"@id\":\"https:\/\/sp13.mielec.pl\/?page_id=20#breadcrumb\"},\"inLanguage\":\"pl-PL\",\"potentialAction\":[{\"@type\":\"ReadAction\",\"target\":[\"https:\/\/sp13.mielec.pl\/?page_id=20\"]}]},{\"@type\":\"BreadcrumbList\",\"@id\":\"https:\/\/sp13.mielec.pl\/?page_id=20#breadcrumb\",\"itemListElement\":[{\"@type\":\"ListItem\",\"position\":1,\"name\":\"Home\",\"item\":\"https:\/\/sp13.mielec.pl\/\"},{\"@type\":\"ListItem\",\"position\":2,\"name\":\"Dlaczego my\"}]},{\"@type\":\"WebSite\",\"@id\":\"https:\/\/sp13.mielec.pl\/#website\",\"url\":\"https:\/\/sp13.mielec.pl\/\",\"name\":\"SZKO\u0141A PODSTAWOWA NR 13 W MIELCU\",\"description\":\"im. Jana Bytnara Rudego\",\"publisher\":{\"@id\":\"https:\/\/sp13.mielec.pl\/#organization\"},\"potentialAction\":[{\"@type\":\"SearchAction\",\"target\":{\"@type\":\"EntryPoint\",\"urlTemplate\":\"https:\/\/sp13.mielec.pl\/?s={search_term_string}\"},\"query-input\":{\"@type\":\"PropertyValueSpecification\",\"valueRequired\":true,\"valueName\":\"search_term_string\"}}],\"inLanguage\":\"pl-PL\"},{\"@type\":\"Organization\",\"@id\":\"https:\/\/sp13.mielec.pl\/#organization\",\"name\":\"SZKO\u0141A PODSTAWOWA NR 13 W MIELCU\",\"url\":\"https:\/\/sp13.mielec.pl\/\",\"logo\":{\"@type\":\"ImageObject\",\"inLanguage\":\"pl-PL\",\"@id\":\"https:\/\/sp13.mielec.pl\/#\/schema\/logo\/image\/\",\"url\":\"https:\/\/sp13.mielec.pl\/wp-content\/uploads\/2025\/09\/cropped-cropped-herb-szkoly-ezgif.com-resize-1.gif\",\"contentUrl\":\"https:\/\/sp13.mielec.pl\/wp-content\/uploads\/2025\/09\/cropped-cropped-herb-szkoly-ezgif.com-resize-1.gif\",\"width\":150,\"height\":150,\"caption\":\"SZKO\u0141A PODSTAWOWA NR 13 W MIELCU\"},\"image\":{\"@id\":\"https:\/\/sp13.mielec.pl\/#\/schema\/logo\/image\/\"},\"sameAs\":[\"https:\/\/www.facebook.com\/profile.php?id=100075648866324#\"]}]}<\/script>\n<!-- \/ Yoast SEO plugin. -->","yoast_head_json":{"title":"Dlaczego my - SZKO\u0141A PODSTAWOWA NR 13 W MIELCU","description":"SZKO\u0141A PODSTAWOWA NR 13 W MIELCU %Szko\u0142a Podstawowa nr 13 w Mielcu","robots":{"index":"index","follow":"follow","max-snippet":"max-snippet:-1","max-image-preview":"max-image-preview:large","max-video-preview":"max-video-preview:-1"},"canonical":"https:\/\/sp13.mielec.pl\/?page_id=20","og_locale":"pl_PL","og_type":"article","og_title":"Dlaczego my - SZKO\u0141A PODSTAWOWA NR 13 W MIELCU","og_description":"SZKO\u0141A PODSTAWOWA NR 13 W MIELCU %Szko\u0142a Podstawowa nr 13 w Mielcu","og_url":"https:\/\/sp13.mielec.pl\/?page_id=20","og_site_name":"SZKO\u0141A PODSTAWOWA NR 13 W MIELCU","article_publisher":"https:\/\/www.facebook.com\/profile.php?id=100075648866324#","article_modified_time":"2025-09-04T12:21:02+00:00","twitter_card":"summary_large_image","twitter_misc":{"Szacowany czas czytania":"2 minuty"},"schema":{"@context":"https:\/\/schema.org","@graph":[{"@type":"WebPage","@id":"https:\/\/sp13.mielec.pl\/?page_id=20","url":"https:\/\/sp13.mielec.pl\/?page_id=20","name":"Dlaczego my - SZKO\u0141A PODSTAWOWA NR 13 W MIELCU","isPartOf":{"@id":"https:\/\/sp13.mielec.pl\/#website"},"datePublished":"2025-09-04T12:21:01+00:00","dateModified":"2025-09-04T12:21:02+00:00","description":"SZKO\u0141A PODSTAWOWA NR 13 W MIELCU %Szko\u0142a Podstawowa nr 13 w Mielcu","breadcrumb":{"@id":"https:\/\/sp13.mielec.pl\/?page_id=20#breadcrumb"},"inLanguage":"pl-PL","potentialAction":[{"@type":"ReadAction","target":["https:\/\/sp13.mielec.pl\/?page_id=20"]}]},{"@type":"BreadcrumbList","@id":"https:\/\/sp13.mielec.pl\/?page_id=20#breadcrumb","itemListElement":[{"@type":"ListItem","position":1,"name":"Home","item":"https:\/\/sp13.mielec.pl\/"},{"@type":"ListItem","position":2,"name":"Dlaczego my"}]},{"@type":"WebSite","@id":"https:\/\/sp13.mielec.pl\/#website","url":"https:\/\/sp13.mielec.pl\/","name":"SZKO\u0141A PODSTAWOWA NR 13 W MIELCU","description":"im. Jana Bytnara Rudego","publisher":{"@id":"https:\/\/sp13.mielec.pl\/#organization"},"potentialAction":[{"@type":"SearchAction","target":{"@type":"EntryPoint","urlTemplate":"https:\/\/sp13.mielec.pl\/?s={search_term_string}"},"query-input":{"@type":"PropertyValueSpecification","valueRequired":true,"valueName":"search_term_string"}}],"inLanguage":"pl-PL"},{"@type":"Organization","@id":"https:\/\/sp13.mielec.pl\/#organization","name":"SZKO\u0141A PODSTAWOWA NR 13 W MIELCU","url":"https:\/\/sp13.mielec.pl\/","logo":{"@type":"ImageObject","inLanguage":"pl-PL","@id":"https:\/\/sp13.mielec.pl\/#\/schema\/logo\/image\/","url":"https:\/\/sp13.mielec.pl\/wp-content\/uploads\/2025\/09\/cropped-cropped-herb-szkoly-ezgif.com-resize-1.gif","contentUrl":"https:\/\/sp13.mielec.pl\/wp-content\/uploads\/2025\/09\/cropped-cropped-herb-szkoly-ezgif.com-resize-1.gif","width":150,"height":150,"caption":"SZKO\u0141A PODSTAWOWA NR 13 W MIELCU"},"image":{"@id":"https:\/\/sp13.mielec.pl\/#\/schema\/logo\/image\/"},"sameAs":["https:\/\/www.facebook.com\/profile.php?id=100075648866324#"]}]}},"rttpg_featured_image_url":null,"rttpg_author":{"display_name":"admin","author_link":"https:\/\/sp13.mielec.pl\/?author=1"},"rttpg_comment":0,"rttpg_category":null,"rttpg_excerpt":"Dlaczego my Szko\u0142a zapewnia wysoki standard nauczania. Ju\u017c od pierwszej klasy:o nauka na pierwsz\u0105 zmian\u0119,o nauczanie wspomagane komputerem,o zaj\u0119cia logopedyczne,o zaj\u0119cia artystyczne (muzyka, taniec, plastyka),o zaj\u0119cia szachowe,o gimnastyka korekcyjna. Szko\u0142a zapewnia:o bezpiecze\u0144stwo uczni\u00f3w,o opiek\u0119 medyczn\u0105,o pomoc psychologiczno \u2013 pedagogiczn\u0105 dla ...","_links":{"self":[{"href":"https:\/\/sp13.mielec.pl\/index.php?rest_route=\/wp\/v2\/pages\/20","targetHints":{"allow":["GET"]}}],"collection":[{"href":"https:\/\/sp13.mielec.pl\/index.php?rest_route=\/wp\/v2\/pages"}],"about":[{"href":"https:\/\/sp13.mielec.pl\/index.php?rest_route=\/wp\/v2\/types\/page"}],"author":[{"embeddable":true,"href":"https:\/\/sp13.mielec.pl\/index.php?rest_route=\/wp\/v2\/users\/1"}],"replies":[{"embeddable":true,"href":"https:\/\/sp13.mielec.pl\/index.php?rest_route=%2Fwp%2Fv2%2Fcomments&post=20"}],"version-history":[{"count":2,"href":"https:\/\/sp13.mielec.pl\/index.php?rest_route=\/wp\/v2\/pages\/20\/revisions"}],"predecessor-version":[{"id":274,"href":"https:\/\/sp13.mielec.pl\/index.php?rest_route=\/wp\/v2\/pages\/20\/revisions\/274"}],"wp:attachment":[{"href":"https:\/\/sp13.mielec.pl\/index.php?rest_route=%2Fwp%2Fv2%2Fmedia&parent=20"}],"curies":[{"name":"wp","href":"https:\/\/api.w.org\/{rel}","templated":true}]}}

<h2 class="wp-block-heading">Dlaczego my</h2>



<p><strong>Szkoła zapewnia wysoki standard nauczania.</strong></p>



<p>Już od pierwszej klasy:<br>o nauka na pierwszą zmianę,<br>o nauczanie wspomagane komputerem,<br>o zajęcia logopedyczne,<br>o zajęcia artystyczne (muzyka, taniec, plastyka),<br>o zajęcia szachowe,<br>o gimnastyka korekcyjna.</p>



<p><br><strong>Szkoła zapewnia:</strong><br>o bezpieczeństwo uczniów,<br>o opiekę medyczną,<br>o pomoc psychologiczno – pedagogiczną dla uczniów i rodziców,<br>o bezpłatną opiekę w świetlicy (6:30 do 8.00 i 11:30 do 17:00),<br>o możliwość korzystania ze smacznych obiadów w szkolnej stołówce,<br>o bezpłatną naukę pływania w klasach drugich,<br>o od klasy IV możliwość kontynuacji nauki w klasie sportowej,<br>o dziennik elektroniczny,<br>o bogatą ofertę zajęć pozalekcyjnych,<br>o zajęcia sportowe w ramach Uczniowskiego Klubu Sportowego VOLANT.</p>



<p><br><strong>Baza dydaktyczna szkoły:</strong><br>o nowoczesne klasopracownie z tablicami interaktywnymi oraz rzutnikami<br>multimedialnymi,<br>o wysoki standard pracowni komputerowych z dostępem do Internetu,<br>o bogato wyposażona biblioteka z centrum multimedialnym,<br>o sala do zajęć gimnastyki korekcyjnej ze specjalistycznym wyposażeniem<br>oraz basenem kulkowym,<br>o sala do tenisa stołowego,<br>o magiczny dywan,<br>o zaplecze sportowe – sale gimnastyczne, szkolne boiska sportowe,<br>o przestronne korytarze,<br>o plac zabaw na świeżym powietrzu.</p>



<p>Zapraszamy do zapisu dzieci do jedynej w Mielcu klasy pierwszej – sportowej o profilu szachowym.<br>/zwiększona ilość godzin z wychowania fizycznego w ramach, których uczniowie uczą się i doskonalą umiejętność gry w szachy/</p>

<p>Dlaczego my Szkoła zapewnia wysoki standard nauczania. Już od pierwszej klasy:o nauka na pierwszą zmianę,o nauczanie wspomagane komputerem,o zajęcia logopedyczne,o zajęcia artystyczne (muzyka, taniec, plastyka),o zajęcia szachowe,o gimnastyka korekcyjna. Szkoła zapewnia:o bezpieczeństwo uczniów,o opiekę medyczną,o pomoc psychologiczno – pedagogiczną dla <a href="https://sp13.mielec.pl/?page_id=20" class="read-more">&#8230;</a></p>

<!-- This site is optimized with the Yoast SEO plugin v25.9 - https://yoast.com/wordpress/plugins/seo/ -->
<title>Dlaczego my - SZKOŁA PODSTAWOWA NR 13 W MIELCU</title>
<meta name="description" content="SZKOŁA PODSTAWOWA NR 13 W MIELCU %Szkoła Podstawowa nr 13 w Mielcu" />
<meta name="robots" content="index, follow, max-snippet:-1, max-image-preview:large, max-video-preview:-1" />
<link rel="canonical" href="https://sp13.mielec.pl/?page_id=20" />
<meta property="og:locale" content="pl_PL" />
<meta property="og:type" content="article" />
<meta property="og:title" content="Dlaczego my - SZKOŁA PODSTAWOWA NR 13 W MIELCU" />
<meta property="og:description" content="SZKOŁA PODSTAWOWA NR 13 W MIELCU %Szkoła Podstawowa nr 13 w Mielcu" />
<meta property="og:url" content="https://sp13.mielec.pl/?page_id=20" />
<meta property="og:site_name" content="SZKOŁA PODSTAWOWA NR 13 W MIELCU" />
<meta property="article:publisher" content="https://www.facebook.com/profile.php?id=100075648866324#" />
<meta property="article:modified_time" content="2025-09-04T12:21:02+00:00" />
<meta name="twitter:card" content="summary_large_image" />
<meta name="twitter:label1" content="Szacowany czas czytania" />
	<meta name="twitter:data1" content="2 minuty" />
<script type="application/ld+json" class="yoast-schema-graph">{"@context":"https://schema.org","@graph":[{"@type":"WebPage","@id":"https://sp13.mielec.pl/?page_id=20","url":"https://sp13.mielec.pl/?page_id=20","name":"Dlaczego my - SZKOŁA PODSTAWOWA NR 13 W MIELCU","isPartOf":{"@id":"https://sp13.mielec.pl/#website"},"datePublished":"2025-09-04T12:21:01+00:00","dateModified":"2025-09-04T12:21:02+00:00","description":"SZKOŁA PODSTAWOWA NR 13 W MIELCU %Szkoła Podstawowa nr 13 w Mielcu","breadcrumb":{"@id":"https://sp13.mielec.pl/?page_id=20#breadcrumb"},"inLanguage":"pl-PL","potentialAction":[{"@type":"ReadAction","target":["https://sp13.mielec.pl/?page_id=20"]}]},{"@type":"BreadcrumbList","@id":"https://sp13.mielec.pl/?page_id=20#breadcrumb","itemListElement":[{"@type":"ListItem","position":1,"name":"Home","item":"https://sp13.mielec.pl/"},{"@type":"ListItem","position":2,"name":"Dlaczego my"}]},{"@type":"WebSite","@id":"https://sp13.mielec.pl/#website","url":"https://sp13.mielec.pl/","name":"SZKOŁA PODSTAWOWA NR 13 W MIELCU","description":"im. Jana Bytnara Rudego","publisher":{"@id":"https://sp13.mielec.pl/#organization"},"potentialAction":[{"@type":"SearchAction","target":{"@type":"EntryPoint","urlTemplate":"https://sp13.mielec.pl/?s={search_term_string}"},"query-input":{"@type":"PropertyValueSpecification","valueRequired":true,"valueName":"search_term_string"}}],"inLanguage":"pl-PL"},{"@type":"Organization","@id":"https://sp13.mielec.pl/#organization","name":"SZKOŁA PODSTAWOWA NR 13 W MIELCU","url":"https://sp13.mielec.pl/","logo":{"@type":"ImageObject","inLanguage":"pl-PL","@id":"https://sp13.mielec.pl/#/schema/logo/image/","url":"https://sp13.mielec.pl/wp-content/uploads/2025/09/cropped-cropped-herb-szkoly-ezgif.com-resize-1.gif","contentUrl":"https://sp13.mielec.pl/wp-content/uploads/2025/09/cropped-cropped-herb-szkoly-ezgif.com-resize-1.gif","width":150,"height":150,"caption":"SZKOŁA PODSTAWOWA NR 13 W MIELCU"},"image":{"@id":"https://sp13.mielec.pl/#/schema/logo/image/"},"sameAs":["https://www.facebook.com/profile.php?id=100075648866324#"]}]}</script>
<!-- / Yoast SEO plugin. -->

Dlaczego my - SZKOŁA PODSTAWOWA NR 13 W MIELCU

SZKOŁA PODSTAWOWA NR 13 W MIELCU %Szkoła Podstawowa nr 13 w Mielcu

SZKOŁA PODSTAWOWA NR 13 W MIELCU

Dlaczego my Szkoła zapewnia wysoki standard nauczania. Już od pierwszej klasy:o nauka na pierwszą zmianę,o nauczanie wspomagane komputerem,o zajęcia logopedyczne,o zajęcia artystyczne (muzyka, taniec, plastyka),o zajęcia szachowe,o gimnastyka korekcyjna. Szkoła zapewnia:o bezpieczeństwo uczniów,o opiekę medyczną,o pomoc psychologiczno – pedagogiczną dla ...
