{"id":187,"date":"2025-09-11T09:48:55","date_gmt":"2025-09-11T07:48:55","guid":{"rendered":"https:\/\/gim4.home.pl\/autoinstalator\/wordpressplugins2\/?page_id=187"},"modified":"2025-09-11T15:35:17","modified_gmt":"2025-09-11T13:35:17","slug":"archiwwwum-sp13","status":"publish","type":"page","link":"https:\/\/sp13.mielec.pl\/?page_id=187","title":{"rendered":"ArchiWWWum SP13"},"content":{"rendered":"<h2 style=\"text-align: center;\">ArchiWWWum SP13<\/h2>\n<h4 style=\"text-align: center;\">Poprzednie wersje strony<\/h4>\n<div style=\"text-align: center;\"><label for=\"a\">od 1999 r. do 2001 r.<\/label><\/div>\n<div style=\"text-align: center;\">\u00a0 <img decoding=\"async\" id=\"a\" src=\"https:\/\/gim4.home.pl\/archwwwsp13\/version01.gif\" alt=\"\" \/><\/div>\n<div style=\"text-align: center;\"><label for=\"b\">od 1998 r. do 1999 r.<\/label><\/div>\n<div style=\"text-align: center;\">\u00a0 <img decoding=\"async\" id=\"b\" src=\"https:\/\/gim4.home.pl\/archwwwsp13\/version03.gif\" alt=\"\" \/><\/div>\n<div style=\"text-align: center;\"><label for=\"c\">od 1997 r. do 1998 r.<\/label><\/div>\n<div style=\"text-align: center;\">\u00a0 <img decoding=\"async\" id=\"c\" src=\"https:\/\/gim4.home.pl\/archwwwsp13\/version02.gif\" alt=\"\" \/><\/div>\n<div style=\"text-align: center;\"><label for=\"d\">1997 r. do 1997 r.<\/label><\/div>\n<div style=\"text-align: center;\">\u00a0 \u00a0 <img decoding=\"async\" id=\"d\" src=\"https:\/\/gim4.home.pl\/archwwwsp13\/version04.gif\" alt=\"\" \/><\/div>\n<div style=\"text-align: center;\"><label for=\"e\">od 2001 do 2011<\/label><\/div>\n<div style=\"text-align: center;\">\u00a0 \u00a0 <img decoding=\"async\" id=\"e\" src=\"https:\/\/gim4.home.pl\/archwwwsp13\/version05.gif\" alt=\"\" \/><\/div>\n<div style=\"text-align: center;\"><label for=\"f\">od 2011 do 2025<\/label><\/div>\n<div>\u00a0 \u00a0 <img decoding=\"async\" id=\"f\" class=\"aligncenter\" src=\"https:\/\/gim4.home.pl\/archwwwsp13\/version06.jpg\" alt=\"\" \/><\/div>\n","protected":false},"excerpt":{"rendered":"<p>ArchiWWWum SP13 Poprzednie wersje strony od 1999 r. do 2001 r. \u00a0 od 1998 r. do 1999 r. \u00a0 od 1997 r. do 1998 r. \u00a0 1997 r. do 1997 r. \u00a0 \u00a0 od 2001 do 2011 \u00a0 \u00a0 od <a href=\"https:\/\/sp13.mielec.pl\/?page_id=187\" class=\"read-more\">&#8230;<\/a><\/p>\n","protected":false},"author":1,"featured_media":0,"parent":0,"menu_order":0,"comment_status":"closed","ping_status":"closed","template":"","meta":{"_themeisle_gutenberg_block_has_review":false,"footnotes":""},"class_list":["post-187","page","type-page","status-publish","hentry"],"yoast_head":"<!-- This site is optimized with the Yoast SEO plugin v25.9 - https:\/\/yoast.com\/wordpress\/plugins\/seo\/ -->\n<title>ArchiWWWum SP13 - SZKO\u0141A PODSTAWOWA NR 13 W MIELCU<\/title>\n<meta name=\"description\" content=\"SZKO\u0141A PODSTAWOWA NR 13 W MIELCU %Szko\u0142a Podstawowa nr 13 w Mielcu\" \/>\n<meta name=\"robots\" content=\"index, follow, max-snippet:-1, max-image-preview:large, max-video-preview:-1\" \/>\n<link rel=\"canonical\" href=\"https:\/\/sp13.mielec.pl\/?page_id=187\" \/>\n<meta property=\"og:locale\" content=\"pl_PL\" \/>\n<meta property=\"og:type\" content=\"article\" \/>\n<meta property=\"og:title\" content=\"ArchiWWWum SP13 - SZKO\u0141A PODSTAWOWA NR 13 W MIELCU\" \/>\n<meta property=\"og:description\" content=\"SZKO\u0141A PODSTAWOWA NR 13 W MIELCU %Szko\u0142a Podstawowa nr 13 w Mielcu\" \/>\n<meta property=\"og:url\" content=\"https:\/\/sp13.mielec.pl\/?page_id=187\" \/>\n<meta property=\"og:site_name\" content=\"SZKO\u0141A PODSTAWOWA NR 13 W MIELCU\" \/>\n<meta property=\"article:publisher\" content=\"https:\/\/www.facebook.com\/profile.php?id=100075648866324#\" \/>\n<meta property=\"article:modified_time\" content=\"2025-09-11T13:35:17+00:00\" \/>\n<meta property=\"og:image\" content=\"https:\/\/gim4.home.pl\/archwwwsp13\/version01.gif\" \/>\n<meta name=\"twitter:card\" content=\"summary_large_image\" \/>\n<meta name=\"twitter:label1\" content=\"Szacowany czas czytania\" \/>\n\t<meta name=\"twitter:data1\" content=\"2 minuty\" \/>\n<script type=\"application\/ld+json\" class=\"yoast-schema-graph\">{\"@context\":\"https:\/\/schema.org\",\"@graph\":[{\"@type\":\"WebPage\",\"@id\":\"https:\/\/sp13.mielec.pl\/?page_id=187\",\"url\":\"https:\/\/sp13.mielec.pl\/?page_id=187\",\"name\":\"ArchiWWWum SP13 - SZKO\u0141A PODSTAWOWA NR 13 W MIELCU\",\"isPartOf\":{\"@id\":\"https:\/\/sp13.mielec.pl\/#website\"},\"primaryImageOfPage\":{\"@id\":\"https:\/\/sp13.mielec.pl\/?page_id=187#primaryimage\"},\"image\":{\"@id\":\"https:\/\/sp13.mielec.pl\/?page_id=187#primaryimage\"},\"thumbnailUrl\":\"https:\/\/gim4.home.pl\/archwwwsp13\/version01.gif\",\"datePublished\":\"2025-09-11T07:48:55+00:00\",\"dateModified\":\"2025-09-11T13:35:17+00:00\",\"description\":\"SZKO\u0141A PODSTAWOWA NR 13 W MIELCU %Szko\u0142a Podstawowa nr 13 w Mielcu\",\"breadcrumb\":{\"@id\":\"https:\/\/sp13.mielec.pl\/?page_id=187#breadcrumb\"},\"inLanguage\":\"pl-PL\",\"potentialAction\":[{\"@type\":\"ReadAction\",\"target\":[\"https:\/\/sp13.mielec.pl\/?page_id=187\"]}]},{\"@type\":\"ImageObject\",\"inLanguage\":\"pl-PL\",\"@id\":\"https:\/\/sp13.mielec.pl\/?page_id=187#primaryimage\",\"url\":\"https:\/\/gim4.home.pl\/archwwwsp13\/version01.gif\",\"contentUrl\":\"https:\/\/gim4.home.pl\/archwwwsp13\/version01.gif\"},{\"@type\":\"BreadcrumbList\",\"@id\":\"https:\/\/sp13.mielec.pl\/?page_id=187#breadcrumb\",\"itemListElement\":[{\"@type\":\"ListItem\",\"position\":1,\"name\":\"Home\",\"item\":\"https:\/\/sp13.mielec.pl\/\"},{\"@type\":\"ListItem\",\"position\":2,\"name\":\"ArchiWWWum SP13\"}]},{\"@type\":\"WebSite\",\"@id\":\"https:\/\/sp13.mielec.pl\/#website\",\"url\":\"https:\/\/sp13.mielec.pl\/\",\"name\":\"SZKO\u0141A PODSTAWOWA NR 13 W MIELCU\",\"description\":\"im. Jana Bytnara Rudego\",\"publisher\":{\"@id\":\"https:\/\/sp13.mielec.pl\/#organization\"},\"potentialAction\":[{\"@type\":\"SearchAction\",\"target\":{\"@type\":\"EntryPoint\",\"urlTemplate\":\"https:\/\/sp13.mielec.pl\/?s={search_term_string}\"},\"query-input\":{\"@type\":\"PropertyValueSpecification\",\"valueRequired\":true,\"valueName\":\"search_term_string\"}}],\"inLanguage\":\"pl-PL\"},{\"@type\":\"Organization\",\"@id\":\"https:\/\/sp13.mielec.pl\/#organization\",\"name\":\"SZKO\u0141A PODSTAWOWA NR 13 W MIELCU\",\"url\":\"https:\/\/sp13.mielec.pl\/\",\"logo\":{\"@type\":\"ImageObject\",\"inLanguage\":\"pl-PL\",\"@id\":\"https:\/\/sp13.mielec.pl\/#\/schema\/logo\/image\/\",\"url\":\"https:\/\/sp13.mielec.pl\/wp-content\/uploads\/2025\/09\/cropped-cropped-herb-szkoly-ezgif.com-resize-1.gif\",\"contentUrl\":\"https:\/\/sp13.mielec.pl\/wp-content\/uploads\/2025\/09\/cropped-cropped-herb-szkoly-ezgif.com-resize-1.gif\",\"width\":150,\"height\":150,\"caption\":\"SZKO\u0141A PODSTAWOWA NR 13 W MIELCU\"},\"image\":{\"@id\":\"https:\/\/sp13.mielec.pl\/#\/schema\/logo\/image\/\"},\"sameAs\":[\"https:\/\/www.facebook.com\/profile.php?id=100075648866324#\"]}]}<\/script>\n<!-- \/ Yoast SEO plugin. -->","yoast_head_json":{"title":"ArchiWWWum SP13 - SZKO\u0141A PODSTAWOWA NR 13 W MIELCU","description":"SZKO\u0141A PODSTAWOWA NR 13 W MIELCU %Szko\u0142a Podstawowa nr 13 w Mielcu","robots":{"index":"index","follow":"follow","max-snippet":"max-snippet:-1","max-image-preview":"max-image-preview:large","max-video-preview":"max-video-preview:-1"},"canonical":"https:\/\/sp13.mielec.pl\/?page_id=187","og_locale":"pl_PL","og_type":"article","og_title":"ArchiWWWum SP13 - SZKO\u0141A PODSTAWOWA NR 13 W MIELCU","og_description":"SZKO\u0141A PODSTAWOWA NR 13 W MIELCU %Szko\u0142a Podstawowa nr 13 w Mielcu","og_url":"https:\/\/sp13.mielec.pl\/?page_id=187","og_site_name":"SZKO\u0141A PODSTAWOWA NR 13 W MIELCU","article_publisher":"https:\/\/www.facebook.com\/profile.php?id=100075648866324#","article_modified_time":"2025-09-11T13:35:17+00:00","og_image":[{"url":"https:\/\/gim4.home.pl\/archwwwsp13\/version01.gif","type":"","width":"","height":""}],"twitter_card":"summary_large_image","twitter_misc":{"Szacowany czas czytania":"2 minuty"},"schema":{"@context":"https:\/\/schema.org","@graph":[{"@type":"WebPage","@id":"https:\/\/sp13.mielec.pl\/?page_id=187","url":"https:\/\/sp13.mielec.pl\/?page_id=187","name":"ArchiWWWum SP13 - SZKO\u0141A PODSTAWOWA NR 13 W MIELCU","isPartOf":{"@id":"https:\/\/sp13.mielec.pl\/#website"},"primaryImageOfPage":{"@id":"https:\/\/sp13.mielec.pl\/?page_id=187#primaryimage"},"image":{"@id":"https:\/\/sp13.mielec.pl\/?page_id=187#primaryimage"},"thumbnailUrl":"https:\/\/gim4.home.pl\/archwwwsp13\/version01.gif","datePublished":"2025-09-11T07:48:55+00:00","dateModified":"2025-09-11T13:35:17+00:00","description":"SZKO\u0141A PODSTAWOWA NR 13 W MIELCU %Szko\u0142a Podstawowa nr 13 w Mielcu","breadcrumb":{"@id":"https:\/\/sp13.mielec.pl\/?page_id=187#breadcrumb"},"inLanguage":"pl-PL","potentialAction":[{"@type":"ReadAction","target":["https:\/\/sp13.mielec.pl\/?page_id=187"]}]},{"@type":"ImageObject","inLanguage":"pl-PL","@id":"https:\/\/sp13.mielec.pl\/?page_id=187#primaryimage","url":"https:\/\/gim4.home.pl\/archwwwsp13\/version01.gif","contentUrl":"https:\/\/gim4.home.pl\/archwwwsp13\/version01.gif"},{"@type":"BreadcrumbList","@id":"https:\/\/sp13.mielec.pl\/?page_id=187#breadcrumb","itemListElement":[{"@type":"ListItem","position":1,"name":"Home","item":"https:\/\/sp13.mielec.pl\/"},{"@type":"ListItem","position":2,"name":"ArchiWWWum SP13"}]},{"@type":"WebSite","@id":"https:\/\/sp13.mielec.pl\/#website","url":"https:\/\/sp13.mielec.pl\/","name":"SZKO\u0141A PODSTAWOWA NR 13 W MIELCU","description":"im. Jana Bytnara Rudego","publisher":{"@id":"https:\/\/sp13.mielec.pl\/#organization"},"potentialAction":[{"@type":"SearchAction","target":{"@type":"EntryPoint","urlTemplate":"https:\/\/sp13.mielec.pl\/?s={search_term_string}"},"query-input":{"@type":"PropertyValueSpecification","valueRequired":true,"valueName":"search_term_string"}}],"inLanguage":"pl-PL"},{"@type":"Organization","@id":"https:\/\/sp13.mielec.pl\/#organization","name":"SZKO\u0141A PODSTAWOWA NR 13 W MIELCU","url":"https:\/\/sp13.mielec.pl\/","logo":{"@type":"ImageObject","inLanguage":"pl-PL","@id":"https:\/\/sp13.mielec.pl\/#\/schema\/logo\/image\/","url":"https:\/\/sp13.mielec.pl\/wp-content\/uploads\/2025\/09\/cropped-cropped-herb-szkoly-ezgif.com-resize-1.gif","contentUrl":"https:\/\/sp13.mielec.pl\/wp-content\/uploads\/2025\/09\/cropped-cropped-herb-szkoly-ezgif.com-resize-1.gif","width":150,"height":150,"caption":"SZKO\u0141A PODSTAWOWA NR 13 W MIELCU"},"image":{"@id":"https:\/\/sp13.mielec.pl\/#\/schema\/logo\/image\/"},"sameAs":["https:\/\/www.facebook.com\/profile.php?id=100075648866324#"]}]}},"rttpg_featured_image_url":null,"rttpg_author":{"display_name":"admin","author_link":"https:\/\/sp13.mielec.pl\/?author=1"},"rttpg_comment":0,"rttpg_category":null,"rttpg_excerpt":"ArchiWWWum SP13 Poprzednie wersje strony od 1999 r. do 2001 r. \u00a0 od 1998 r. do 1999 r. \u00a0 od 1997 r. do 1998 r. \u00a0 1997 r. do 1997 r. \u00a0 \u00a0 od 2001 do 2011 \u00a0 \u00a0 od ...","_links":{"self":[{"href":"https:\/\/sp13.mielec.pl\/index.php?rest_route=\/wp\/v2\/pages\/187","targetHints":{"allow":["GET"]}}],"collection":[{"href":"https:\/\/sp13.mielec.pl\/index.php?rest_route=\/wp\/v2\/pages"}],"about":[{"href":"https:\/\/sp13.mielec.pl\/index.php?rest_route=\/wp\/v2\/types\/page"}],"author":[{"embeddable":true,"href":"https:\/\/sp13.mielec.pl\/index.php?rest_route=\/wp\/v2\/users\/1"}],"replies":[{"embeddable":true,"href":"https:\/\/sp13.mielec.pl\/index.php?rest_route=%2Fwp%2Fv2%2Fcomments&post=187"}],"version-history":[{"count":8,"href":"https:\/\/sp13.mielec.pl\/index.php?rest_route=\/wp\/v2\/pages\/187\/revisions"}],"predecessor-version":[{"id":214,"href":"https:\/\/sp13.mielec.pl\/index.php?rest_route=\/wp\/v2\/pages\/187\/revisions\/214"}],"wp:attachment":[{"href":"https:\/\/sp13.mielec.pl\/index.php?rest_route=%2Fwp%2Fv2%2Fmedia&parent=187"}],"curies":[{"name":"wp","href":"https:\/\/api.w.org\/{rel}","templated":true}]}}

<!-- This site is optimized with the Yoast SEO plugin v25.9 - https://yoast.com/wordpress/plugins/seo/ -->
<title>ArchiWWWum SP13 - SZKOŁA PODSTAWOWA NR 13 W MIELCU</title>
<meta name="description" content="SZKOŁA PODSTAWOWA NR 13 W MIELCU %Szkoła Podstawowa nr 13 w Mielcu" />
<meta name="robots" content="index, follow, max-snippet:-1, max-image-preview:large, max-video-preview:-1" />
<link rel="canonical" href="https://sp13.mielec.pl/?page_id=187" />
<meta property="og:locale" content="pl_PL" />
<meta property="og:type" content="article" />
<meta property="og:title" content="ArchiWWWum SP13 - SZKOŁA PODSTAWOWA NR 13 W MIELCU" />
<meta property="og:description" content="SZKOŁA PODSTAWOWA NR 13 W MIELCU %Szkoła Podstawowa nr 13 w Mielcu" />
<meta property="og:url" content="https://sp13.mielec.pl/?page_id=187" />
<meta property="og:site_name" content="SZKOŁA PODSTAWOWA NR 13 W MIELCU" />
<meta property="article:publisher" content="https://www.facebook.com/profile.php?id=100075648866324#" />
<meta property="article:modified_time" content="2025-09-11T13:35:17+00:00" />
<meta property="og:image" content="https://gim4.home.pl/archwwwsp13/version01.gif" />
<meta name="twitter:card" content="summary_large_image" />
<meta name="twitter:label1" content="Szacowany czas czytania" />
	<meta name="twitter:data1" content="2 minuty" />
<script type="application/ld+json" class="yoast-schema-graph">{"@context":"https://schema.org","@graph":[{"@type":"WebPage","@id":"https://sp13.mielec.pl/?page_id=187","url":"https://sp13.mielec.pl/?page_id=187","name":"ArchiWWWum SP13 - SZKOŁA PODSTAWOWA NR 13 W MIELCU","isPartOf":{"@id":"https://sp13.mielec.pl/#website"},"primaryImageOfPage":{"@id":"https://sp13.mielec.pl/?page_id=187#primaryimage"},"image":{"@id":"https://sp13.mielec.pl/?page_id=187#primaryimage"},"thumbnailUrl":"https://gim4.home.pl/archwwwsp13/version01.gif","datePublished":"2025-09-11T07:48:55+00:00","dateModified":"2025-09-11T13:35:17+00:00","description":"SZKOŁA PODSTAWOWA NR 13 W MIELCU %Szkoła Podstawowa nr 13 w Mielcu","breadcrumb":{"@id":"https://sp13.mielec.pl/?page_id=187#breadcrumb"},"inLanguage":"pl-PL","potentialAction":[{"@type":"ReadAction","target":["https://sp13.mielec.pl/?page_id=187"]}]},{"@type":"ImageObject","inLanguage":"pl-PL","@id":"https://sp13.mielec.pl/?page_id=187#primaryimage","url":"https://gim4.home.pl/archwwwsp13/version01.gif","contentUrl":"https://gim4.home.pl/archwwwsp13/version01.gif"},{"@type":"BreadcrumbList","@id":"https://sp13.mielec.pl/?page_id=187#breadcrumb","itemListElement":[{"@type":"ListItem","position":1,"name":"Home","item":"https://sp13.mielec.pl/"},{"@type":"ListItem","position":2,"name":"ArchiWWWum SP13"}]},{"@type":"WebSite","@id":"https://sp13.mielec.pl/#website","url":"https://sp13.mielec.pl/","name":"SZKOŁA PODSTAWOWA NR 13 W MIELCU","description":"im. Jana Bytnara Rudego","publisher":{"@id":"https://sp13.mielec.pl/#organization"},"potentialAction":[{"@type":"SearchAction","target":{"@type":"EntryPoint","urlTemplate":"https://sp13.mielec.pl/?s={search_term_string}"},"query-input":{"@type":"PropertyValueSpecification","valueRequired":true,"valueName":"search_term_string"}}],"inLanguage":"pl-PL"},{"@type":"Organization","@id":"https://sp13.mielec.pl/#organization","name":"SZKOŁA PODSTAWOWA NR 13 W MIELCU","url":"https://sp13.mielec.pl/","logo":{"@type":"ImageObject","inLanguage":"pl-PL","@id":"https://sp13.mielec.pl/#/schema/logo/image/","url":"https://sp13.mielec.pl/wp-content/uploads/2025/09/cropped-cropped-herb-szkoly-ezgif.com-resize-1.gif","contentUrl":"https://sp13.mielec.pl/wp-content/uploads/2025/09/cropped-cropped-herb-szkoly-ezgif.com-resize-1.gif","width":150,"height":150,"caption":"SZKOŁA PODSTAWOWA NR 13 W MIELCU"},"image":{"@id":"https://sp13.mielec.pl/#/schema/logo/image/"},"sameAs":["https://www.facebook.com/profile.php?id=100075648866324#"]}]}</script>
<!-- / Yoast SEO plugin. -->

ArchiWWWum SP13 - SZKOŁA PODSTAWOWA NR 13 W MIELCU

SZKOŁA PODSTAWOWA NR 13 W MIELCU %Szkoła Podstawowa nr 13 w Mielcu

SZKOŁA PODSTAWOWA NR 13 W MIELCU
